39978.
14
What is the remainder when 27093164 is divided by 44?
32
Calculate the remainder when 248940 is divided by 119450.
10040
What is the remainder when 561352492 is divided by 1991?
1988
What is the remainder when 1278634 is divided by 116238?
16
Calculate the remainder when 6471541 is divided by 559.
557
What is the remainder when 301131 is divided by 150518?
95
What is the remainder when 156700 is divided by 11192?
12
What is the remainder when 123626468 is divided by 61813229?
10
What is the remainder when 242665 is divided by 2772?
1501
What is the remainder when 11394412 is divided by 714?
400
What is the remainder when 27003769 is divided by 13501876?
17
What is the remainder when 7419847 is divided by 99?
94
What is the remainder when 4727456 is divided by 1104?
128
What is the remainder when 901848 is divided by 36?
12
Calculate the remainder when 497618 is divided by 2301.
602
What is the remainder when 1772913 is divided by 171?
156
What is the remainder when 12975046 is divided by 27?
7
Calculate the remainder when 406134 is divided by 7384.
14
What is the remainder when 3693187 is divided by 175864?
43
Calculate the remainder when 225918 is divided by 485.
393
Calculate the remainder when 330734 is divided by 110202.
128
Calculate the remainder when 334873783 is divided by 115.
108
What is the remainder when 6245039 is divided by 4?
3
Calculate the remainder when 37923 is divided by 18807.
309
What is the remainder when 33465772 is divided by 1945?
102
What is the remainder when 59709383 is divided by 7?
6
What is the remainder when 15242672 is divided by 244?
236
What is the remainder when 71753 is divided by 726?
605
What is the remainder when 29794 is divided by 931?
2
Calculate the remainder when 6934 is divided by 2266.
136
What is the remainder when 3071290 is divided by 5514?
5506
What is the remainder when 34548 is divided by 1769?
937
Calculate the remainder when 814589 is divided by 3526.
83
Calculate the remainder when 1846338 is divided by 822.
126
What is the remainder when 31882 is divided by 580?
562
What is the remainder when 325252 is divided by 5808?
4
Calculate the remainder when 1004297 is divided by 52809.
926
What is the remainder when 7344 is divided by 4675?
2669
What is the remainder when 8739607 is divided by 1756?
1751
Calculate the remainder when 4186 is divided by 257.
74
What is the remainder when 275219644 is divided by 78?
76
Calculate the remainder when 2436014 is divided by 31.
3
What is the remainder when 409932 is divided by 124?
112
What is the remainder when 181978899 is divided by 478?
475
Calculate the remainder when 5073 is divided by 4949.
124
What is the remainder when 406513 is divided by 462?
415
What is the remainder when 76735 is divided by 73456?
3279
What is the remainder when 186226443 is divided by 2547?
2538
What is the remainder when 9192684 is divided by 1859?
1788
What is the remainder when 98260 is divided by 2085?
265
Calculate the remainder when 467949 is divided by 20.
9
Calculate the remainder when 30315861 is divided by 11.
4
Calculate the remainder when 386114 is divided by 10725.
14
What is the remainder when 177148 is divided by 561?
433
Calculate the remainder when 2383613 is divided by 92.
77
Calculate the remainder when 28579861 is divided by 43969.
11
What is the remainder when 3052093 is divided by 180?
13
Calculate the remainder when 697201 is divided by 308.
197
What is the remainder when 87881 is divided by 14627?
119
What is the remainder when 1895693 is divided by 48?
29
Calculate the remainder when 189871 is divided by 94918.
35
What is the remainder when 4045013 is divided by 17435?
93
What is the remainder when 23756 is divided by 1651?
642
What is the remainder when 747759 is divided by 3478?
3467
Calculate the remainder when 11682329 is divided by 38683.
63
What is the remainder when 3059906 is divided by 1529942?
22
Calculate the remainder when 3302371 is divided by 1215.
1
What is the remainder when 93589 is divided by 146?
3
Calculate the remainder when 20551 is divided by 20365.
186
Calculate the remainder when 5265270 is divided by 477.
144
What is the remainder when 88910 is divided by 4434?
230
What is the remainder when 904061 is divided by 2554?
2499
What is the remainder when 2677687 is divided by 446279?
13
Calculate the remainder when 944129 is divided by 943484.
645
Calculate the remainder when 1515847 is divided by 3112.
303
What is the remainder when 15776489 is divided by 1462?
47
Calculate the remainder when 10431 is divided by 495.
36
Calculate the remainder when 70670600 is divided by 17.
2
Calculate the remainder when 24551 is divided by 24084.
467
What is the remainder when 91654 is divided by 55?
24
What is the remainder when 1573957 is divided by 262?
123
What is the remainder when 442801 is divided by 645?
331
Calculate the remainder when 7967650 is divided by 36717.
61
What is the remainder when 1554370 is divided by 241?
161
What is the remainder when 6519 is divided by 1070?
99
Calculate the remainder when 10833929 is divided by 153.
152
Calculate the remainder when 245448 is divided by 59888.
5896
Calculate the remainder when 2632827 is divided by 438490.
1887
What is the remainder when 241215 is divided by 59864?
1759
What is the remainder when 830091 is divided by 559?
535
What is the remainder when 15819389 is divided by 15?
14
What is the remainder when 84398 is divided by 4644?
806
Calculate the remainder when 140140 is divided by 23356.
4
Calculate the remainder when 195235 is divided by 341.
183
What is the remainder when 424359 is divided by 212162?
35
Calculate the remainder when 80502459 is divided by 877.
875
What is the remainder when 6474060 is divided by 1016?
108
What is the remainder when 108148516 is divided by 42?
28
Calculate the remainder when 27622 is divided by 6124.
3126
What is the remainder when 1197852 is divided by 1163?
1125
What is the remainder when 664103 is divided by 475?
53
What is the remainder when 231508 is divided by 23149?
18
Calculate the remainder when 9035045 is divided by 101517.
32
What is the remainder when 30713811 is divided by 535?
531
Calculate the remainder when 374737 is divided by 1321.
894
What is the remainder when 7657742 is divided by 7657723?
19
What is the remainder when 100265 is divided by 165?
110
Calculate the remainder when 1454955 is divided by 451.
29
What is the remainder when 16664536 is divided by 111?
106
What is the remainder when 57909 is divided by 28845?
219
What is the remainder when 1377699 is divided by 344423?
7
Calculate the remainder when 42275547 is divided by 1246.
13
What is the remainder when 25813 is divided by 5147?
78
Calculate the remainder when 249699 is divided by 294.
93
Calculate the remainder when 186537481 is divided by 7.
4
What is the remainder when 2862381 is divided by 2779?
11
Calculate the remainder when 20119777 is divided by 154.
139
Calculate the remainder when 15712663 is divided by 10170.
13
Calculate the remainder when 40679699 is divided by 92876.
11
What is the remainder when 35793646 is divided by 396?
394
What is the remainder when 2724124 is divided by 1211?
585
Calculate the remainder when 910733 is divided by 113840.
13
Calculate the remainder when 3195986 is divided by 456564.
38
What is the remainder when 44315416 is divided by 106784?
56
Calculate the remainder when 183045 is divided by 1204.
37
Calculate the remainder when 36117 is divided by 829.
470
What is the remainder when 989926 is divided by 109934?
520
What is the remainder when 254150 is divided by 16940?
50
Calculate the remainder when 20299839 is divided by 1168.
1167
What is the remainder when 66349357 is divided by 1268?
1257
What is the remainder when 172520 is divided by 2296?
320
What is the remainder when 593893 is divided by 7918?
43
Calculate the remainder when 9328 is divided by 865.
678
What is the remainder when 5741820 is divided by 93?
0
Calculate the remainder when 655879708 is divided by 186.
184
Calculate the remainder when 2934877 is divided by 975.
127
Calculate the remainder when 3470887 is divided by 52.
43
Calculate the remainder when 49772378 is divided by 20.
18
Calculate the remainder when 421529 is divided by 2118.
4